+ 19. Let p be w(33). Let r = p - 302. Calculate the remainder when 73 is divided by r.
3
Let j = -5512 - -5533. What is the remainder when 230 is divided by j?
20
Suppose 8*i - 19 = -2*d + 5*i, 5*d + 3*i - 25 = 0. Let q be (5 + d)*(-7)/(-7). Calculate the remainder when 116 is divided by 1/35*q - 298/(-10).
26
Let q(z) = 91*z - 2616. Calculate the remainder when q(35) is divided by 19.
18
Let k = 6 + 9. Let t(x) = -14412*x + 28857. What is the remainder when t(2) is divided by k?
3
Suppose -23212*l + 23207*l = -540. What is the remainder when l is divided by 58?
50
Let q be ((-2)/8*19)/(49/(-196)). Suppose 3*h - 5*h = -5*d - q, 14 = h + 2*d. Calculate the remainder when 48 is divided by h.
0
Let v(u) = u**2 + 12*u - 16. Let f be v(12). Suppose -f = -174*w + 172*w. Calculate the remainder when w is divided by 69.
67
Let a(r) = -r**2 - 10*r - 6. Let l be a(-9). Suppose c = 5*q - 150, 2*q - l*q + 30 = -2*c. What is the remainder when q is divided by 19?
11
Suppose -3*t = -74 + 11. Suppose 19 - 2641 = 6*w. Let m = 499 + w. Calculate the remainder when m is divided by t.
20
Let z = 19290 + -19173. What is the remainder when 4445 is divided by z?
116
Suppose -289 = -5*i - 84. Suppose 0 = -4*b + i + 7. Let l(k) = k**2 - 21*k + 124. Calculate the remainder when l(13) is divided by b.
8
Suppose -11*c + 66 = -33. Suppose -y + o = -46, c*y - 2*o + 113 = 12*y. Calculate the remainder when y is divided by 11 + (-3 - 2*-2).
5
Let b(w) be the first derivative of w**4/2 - 8*w**3/3 + w**2 + 12*w - 36. Calculate the remainder when 178 is divided by b(4).
18
What is the remainder when 196 is divided by 2/(-7) + (-10817)/(-203)?
37
Let g(v) = 7*v**3 + 3*v**2 + 26*v - 16. What is the remainder when g(3) is divided by 71?
65
Suppose -5*a - 4*u + 365 = 0, -u - 365 = -1541*a + 1536*a. Calculate the remainder when 3648 is divided by a.
71
Let q be 27*(42/(-9) + 4). Let l be (3/q)/(1/(-6)). What is the remainder when (-40)/15*l*-36 is divided by 25?
21
Suppose c + 618 = u + 721, -3*u = -2*c + 209. What is the remainder when 2198 is divided by c?
98
Suppose -2385*y = -2382*y + 2*f - 382, 3*y = 5*f + 431. What is the remainder when 242 is divided by y?
110
Suppose 2*f = 2*z + 5992, -16*f - 3*z + 8958 = -13*f. Calculate the remainder when f is divided by 4.
3
Calculate the remainder when (219/(-4))/(130/(-1040)) is divided by 133.
39
Let q be ((-31)/4)/(3/12). Let x = -3774 - -3832. Calculate the remainder when x is divided by (1 + -3)*q/2.
27
What is the remainder when 25934 is divided by (2/(-4) - (-267)/10)/((-1471)/(-7355))?
127
Let k = 5122 + -4292. What is the remainder when k is divided by 93?
86
Suppose -20*v - 143*v = -143704 - 47332. Calculate the remainder when v is divided by 43.
11
Let z = -49229 - -49270. Suppose 0*d - 2*d + 56 = 0. Calculate the remainder when z is divided by d.
13
Suppose -2*s + q = -4*q - 39, 3*s = 3*q + 81. Let y = 724 + -667. Calculate the remainder when y is divided by s.
25
Calculate the remainder when 298 is divided by (2 + -19 - -7)/(1/(-6)).
58
Let t = 21640 - 21544. Calculate the remainder when 1147 is divided by t.
91
Let w(y) = y**3 + 21*y**2 + 16*y + 15. What is the remainder when 189 is divided by w(-20)?
94
Let j = 315 - 101. Suppose j*b - 215*b + 32 = 0. Calculate the remainder when 62 is divided by b.
30
Suppose -2*j + 359 - 5 = 0. Let y = 194 - j. Suppose 6*w - 4*w - 48 = 0. Calculate the remainder when w is divided by y.
7
Let q(x) = x**2 + 76*x - 208. What is the remainder when 114 is divided by q(-79)?
27
Let z(l) = l**2 + 6*l - 34. Suppose -f - 3*i = -46, -4*f - 2*i + 0 + 134 = 0. What is the remainder when z(12) is divided by f?
27
Suppose -62 + 209 = 7*z. Suppose 0 = -12*v + 135 + z. Calculate the remainder when 18 is divided by v.
5
Let h be (2 - (-4)/(-4))*4. Suppose -6*z = -h*z. Suppose z*k + 2*k - 34 = 4*l, k = -3*l - 8. Calculate the remainder when 61 is divided by k.
5
Let r be 10350/36*(-4)/(-5). Let z = r + -83. Let y(t) = 37*t**2 - t + 1. What is the remainder when z is divided by y(1)?
36
Let h be (-12)/9*3 + 172. Suppose -5*p + 3*i = -h, -5*i + 15 + 46 = 2*p. Suppose -83 = -2*q + p. What is the remainder when q is divided by 30?
28
Let c = -4602 - -4825. What is the remainder when c is divided by 14?
13
Let l = 73 - 38. Suppose -4*n = -9*n + 690. What is the remainder when n is divided by l?
33
Let j(n) = n**3 - 8*n**2 + 15*n. Let i be j(5). Suppose -8*g + 23 + 65 = i. Calculate the remainder when 30 is divided by g.
8
Let b(h) = -h**3 + 104*h**2 - 676*h - 249. Let u be 8/(-4 - 6/(-2)). Let c(r) = -17*r - 11. What is the remainder when c(u) is divided by b(97)?
41
Suppose 11*q - 95 - 1423 = 0. Suppose -q = -5*x + 2*x + 2*m, 184 = 4*x + 4*m. Calculate the remainder when x is divided by (24/(-10))/(1/(-5)).
10
Calculate the remainder when 359 is divided by ((10816/(-12))/4)/(124/(-186)).
21
Let s(m) = -m**3 - 14*m**2 - 11*m + 14. Let j be (4/6 - 12/(-9)) + -15. Let u be s(j). Let h = 2 - u. Calculate the remainder when h is divided by 6.
2
Suppose 9 - 75 = -3*i. Calculate the remainder when 128 is divided by 7/(21/12) + i.
24
Let u = 4259 - 4189. Let v = -82 + 119. What is the remainder when u is divided by v?
33
Suppose -4*c = 2*q - 266, 4*q - 421 - 124 = 5*c. What is the remainder when 353 is divided by q?
83
Calculate the remainder when 494 is divided by ((-23)/((-207)/27))/(198/64 - 3).
14
Suppose -110*x - 13574 = -718*x + 410. What is the remainder when (-801)/(-7) - 15/35 is divided by x?
22
Let p(b) = -5*b**3 - 335*b**2 - 39*b + 116. Calculate the remainder when p(-67) is divided by 47.
3
Let j(u) = 72*u + 84. Let g(b) = -150*b - 169. Let y(t) = 2*g(t) + 5*j(t). What is the remainder when 245 is divided by y(0)?
81
Let i(k) = 3*k**2 + 45*k + 9. Let d be i(-18). Suppose 58*s - d = 49*s. Calculate the remainder when s is divided by 3.
1
Suppose 31 = -45*n - 104. Let r(t) = t + 3. What is the remainder when n*3/(-6)*30/9 is divided by r(0)?
2
Suppose -1079*i + 1021*i = -24592. What is the remainder when i is divided by 113?
85
Calculate the remainder when 2555 is divided by ((-18)/(-10))/3*(4 + (-2058)/(-18)).
70
Suppose -49*p + 47*p = -w - 468, 0 = w - 6. What is the remainder when p is divided by 42?
27
Suppose v + 9 = 12. Suppose -m + 2*c + 57 = -0*c, 4*c = 5*m - 267. Calculate the remainder when m is divided by (7 - v - -22)*(-2)/(-4).
12
Suppose -122 = -5*c + 4*o, 0 = -4*o - 34 + 22. Let g = -117 + 126. Calculate the remainder when c is divided by g.
4
What is the remainder when 9865 is divided by 561/6*(-540)/(-1530)?
31
Let o be 11/(33/54) + 3. Suppose i = -6*i + o. Suppose -i*a - 3*v = -5*a, 2*a - 12 = -3*v. What is the remainder when 12 is divided by a?
0
Let l(d) = -d**2 + 89*d - 1737. What is the remainder when 647 is divided by l(36)?
134
Let z = -6493 - -6507. What is the remainder when 628 is divided by z?
12
Suppose -5*a + o = -4*a - 333, 5*o + 1327 = 4*a. Suppose -16 + a = 2*i. What is the remainder when i is divided by 42?
35
Let g = 21390 + -21280. What is the remainder when 875 is divided by g?
105
Let a = -26 + 65. Let b = 380 - -17. Let h = b + -203. What is the remainder when h is divided by a?
38
Calculate the remainder when 164 is divided by -5 + -1 + -4 + 28.
2
Suppose 56 = 4*r - 3*u, 140 - 84 = 4*r + 3*u. Calculate the remainder when 2308 is divided by r.
12
Suppose h = 5*v + 105 - 78, 76 = 4*h - 4*v. Calculate the remainder when 1486 is divided by h.
7
Suppose 20298 = 113*o + 166*o + 119*o. What is the remainder when 659 is divided by o?
47
Let b = -11436 + 11614. What is the remainder when b is divided by 17?
8
Let a = 254 - 238. Calculate the remainder when 1145 is divided by a.
9
Suppose -425*t + 585*t - 61600 = 0. What is the remainder when t is divided by 50?
35
Suppose 0 = -3*n + 6, 4*n = -5*v + n + 21. What is the remainder when 28 is divided by (4 + v/3)*1?
3
Let l(y) = -y**2 - 5*y + 3. What is the remainder when (-51)/(-4 + 1) - (4 + -4)/(-12) is divided by l(-4)?
3
Let v(n) = n**3 - 55*n**2 - 232*n - 58. Calculate the remainder when v(59) is divided by 45.
43
Suppose -31*n + 9624 = -23980. Calculate the remainder when n is divided by 270.
4
Let p(h) = -18*h**2 - 2*h - 6*h**3 - 2*h + 14*h - 24 + 7*h**3 + 11*h. What is the remainder when p(17) is divided by 8?
4
S